{"id":14869,"date":"2014-05-20T07:51:11","date_gmt":"2014-05-20T07:51:11","guid":{"rendered":"http:\/\/demo.qodeinteractive.com\/bridge66\/?page_id=14869"},"modified":"2025-10-06T12:56:25","modified_gmt":"2025-10-06T10:56:25","slug":"home","status":"publish","type":"page","link":"https:\/\/scuolaregina.it\/","title":{"rendered":"Home"},"content":{"rendered":"<div class=\"wpb-content-wrapper\"><p>[vc_row css_animation=&#8221;&#8221; row_type=&#8221;row&#8221; use_row_as_full_screen_section=&#8221;no&#8221; type=&#8221;grid&#8221; angled_section=&#8221;no&#8221; text_align=&#8221;left&#8221; background_image_as_pattern=&#8221;without_pattern&#8221; padding_top=&#8221;124&#8243; padding_bottom=&#8221;37&#8243;][vc_column][vc_column_text css=&#8221;&#8221;]<\/p>\n<p style=\"text-align: center;\">L\u2019Associazione Genitori Scuola Regina, nata nel 2016,<br \/>\naperta alla partecipazione di tutti i genitori del nostro Istituto,<br \/>\ncomprendente i plessi Regina Margherita, Ugo Foscolo e G. G. Badini.<\/p>\n<p>[\/vc_column_text][vc_empty_space][vc_single_image image=&#8221;15830&#8243; img_size=&#8221;medium&#8221; alignment=&#8221;center&#8221; css=&#8221;&#8221; qode_css_animation=&#8221;element_from_fade&#8221;][vc_empty_space][vc_empty_space][vc_column_text css=&#8221;&#8221;]<\/p>\n<h3 style=\"text-align: center;\">L\u2019idea dei \u201cfondatori\u201d<br \/>\n\u00e8 che l\u2019Associazione \u201cScuola Regina\u201d sia:<\/h3>\n<p>[\/vc_column_text][\/vc_column][\/vc_row][vc_row css_animation=&#8221;&#8221; row_type=&#8221;row&#8221; use_row_as_full_screen_section=&#8221;no&#8221; type=&#8221;grid&#8221; angled_section=&#8221;no&#8221; text_align=&#8221;left&#8221; background_image_as_pattern=&#8221;without_pattern&#8221; padding_top=&#8221;124&#8243; padding_bottom=&#8221;37&#8243;][vc_column width=&#8221;1\/4&#8243;][vc_single_image image=&#8221;15779&#8243; alignment=&#8221;center&#8221; onclick=&#8221;zoom&#8221; css=&#8221;&#8221; qode_css_animation=&#8221;&#8221;][vc_separator type=&#8221;transparent&#8221; up=&#8221;24&#8243; down=&#8221;0&#8243;][vc_column_text css=&#8221;&#8221;]<\/p>\n<h3 style=\"text-align: center;\">Trasparente<\/h3>\n<p>[\/vc_column_text][vc_separator type=&#8221;normal&#8221; up=&#8221;5&#8243; down=&#8221;19&#8243;][vc_column_text css=&#8221;&#8221;]<\/p>\n<p style=\"text-align: center;\" data-adtags-visited=\"true\">perch\u00e9 per Statuto \u00e8 stabilito che tutto quello che incassa lo spende in attivit\u00e0 a favore della scuola e introiti e spese saranno affissi a scuola e consultabili online.<\/p>\n<p>[\/vc_column_text][\/vc_column][vc_column width=&#8221;1\/4&#8243;][vc_single_image image=&#8221;15780&#8243; alignment=&#8221;center&#8221; onclick=&#8221;custom_link&#8221; css=&#8221;&#8221; qode_css_animation=&#8221;&#8221; link=&#8221;http:\/\/demo.qodeinteractive.com\/bridge66\/our-team\/&#8221;][vc_separator type=&#8221;transparent&#8221; up=&#8221;24&#8243; down=&#8221;0&#8243;][vc_column_text css=&#8221;&#8221;]<\/p>\n<h3 style=\"text-align: center;\">Partecipata<\/h3>\n<p>[\/vc_column_text][vc_separator type=&#8221;normal&#8221; up=&#8221;5&#8243; down=&#8221;19&#8243;][vc_column_text css=&#8221;&#8221;]<\/p>\n<p style=\"text-align: center;\">perch\u00e9 strumento di TUTTI i genitori, coordinata e in sintonia con tutte le altre forme di rappresentanza per stabilire priorit\u00e0 e interventi utili a migliorare la vita scolastica dei nostri figli.<\/p>\n<p>[\/vc_column_text][\/vc_column][vc_column width=&#8221;1\/4&#8243;][vc_single_image image=&#8221;15777&#8243; alignment=&#8221;center&#8221; onclick=&#8221;custom_link&#8221; css=&#8221;&#8221; qode_css_animation=&#8221;&#8221; link=&#8221;http:\/\/demo.qodeinteractive.com\/bridge66\/programmes\/&#8221;][vc_separator type=&#8221;transparent&#8221; up=&#8221;24&#8243; down=&#8221;0&#8243;][vc_column_text css=&#8221;&#8221;]<\/p>\n<h3 style=\"text-align: center;\">Collaborativa<\/h3>\n<p>[\/vc_column_text][vc_separator type=&#8221;normal&#8221; up=&#8221;5&#8243; down=&#8221;19&#8243;][vc_column_text css=&#8221;&#8221;]<\/p>\n<p style=\"text-align: center;\">perch\u00e9 nata in uno spirito di collaborazione con gli insegnanti, la dirigenza scolastica e il personale non docente, nel pieno rispetto dei campi di pertinenza.<\/p>\n<p>[\/vc_column_text][\/vc_column][vc_column width=&#8221;1\/4&#8243;][vc_single_image image=&#8221;15775&#8243; alignment=&#8221;center&#8221; onclick=&#8221;custom_link&#8221; css=&#8221;&#8221; qode_css_animation=&#8221;&#8221; link=&#8221;http:\/\/demo.qodeinteractive.com\/bridge66\/programmes\/&#8221;][vc_separator type=&#8221;transparent&#8221; up=&#8221;24&#8243; down=&#8221;0&#8243;][vc_column_text css=&#8221;&#8221;]<\/p>\n<h3 style=\"text-align: center;\">Rilassata<\/h3>\n<p>[\/vc_column_text][vc_separator type=&#8221;normal&#8221; up=&#8221;5&#8243; down=&#8221;19&#8243;][vc_column_text css=&#8221;&#8221;]<\/p>\n<p style=\"text-align: center;\">perch\u00e9 intende essere uno spazio allegro, che non si prende troppo sul serio, in cui fare incontri e trascorrere momenti piacevoli, senza togliere il giusto tempo alle vite personali di ognuno di noi.<\/p>\n<p>[\/vc_column_text][\/vc_column][vc_column][\/vc_column][vc_column][\/vc_column][vc_column][\/vc_column][\/vc_row][vc_row css_animation=&#8221;&#8221; row_type=&#8221;row&#8221; use_row_as_full_screen_section=&#8221;no&#8221; type=&#8221;full_width&#8221; angled_section=&#8221;no&#8221; text_align=&#8221;center&#8221; background_image_as_pattern=&#8221;without_pattern&#8221; z_index=&#8221;&#8221; background_image=&#8221;15788&#8243;][vc_column offset=&#8221;vc_col-lg-offset-2 vc_col-lg-8 vc_col-md-offset-2 vc_col-md-8 vc_col-xs-12&#8243;][vc_separator type=&#8221;transparent&#8221; up=&#8221;72&#8243; down=&#8221;0&#8243;][vc_separator type=&#8221;transparent&#8221; up=&#8221;1&#8243; down=&#8221;0&#8243;]<div class='testimonials_holder clearfix '><div class=\"testimonials testimonials_carousel\" data-show-navigation=\"no\" data-animation-type=\"fade\" data-animation-speed=\"\" data-auto-rotate-slides=\"5\" data-number-per-slide=\"1\"><ul class=\"slides\"><li id=\"testimonials15264\" class=\"testimonial_content\"><div class=\"testimonial_content_inner\"><div class=\"testimonial_text_holder\"><div class=\"testimonial_text_inner\" style=\"color: #ffffff;\"><p style=\"font-size:30px;color:#ffffff\">Associazione Genitori Scuola Regina<\/p><p class=\"testimonial_author\" style=\"color: #ffffff;color: #ffffff;font-size: 60px;\">Da soli e&#039; difficile, insieme si puo&#039; <\/p><\/div><\/div><\/div><\/li><\/ul><\/div><\/div>[vc_separator type=&#8221;transparent&#8221; up=&#8221;60&#8243; down=&#8221;0&#8243;][\/vc_column][\/vc_row][vc_row css_animation=&#8221;&#8221; row_type=&#8221;row&#8221; use_row_as_full_screen_section=&#8221;no&#8221; type=&#8221;grid&#8221; angled_section=&#8221;no&#8221; text_align=&#8221;left&#8221; background_image_as_pattern=&#8221;without_pattern&#8221; padding_top=&#8221;104&#8243; padding_bottom=&#8221;60&#8243;][vc_column width=&#8221;1\/3&#8243;][vc_single_image image=&#8221;15782&#8243; img_size=&#8221;full&#8221; alignment=&#8221;center&#8221; onclick=&#8221;custom_link&#8221; css=&#8221;&#8221; qode_css_animation=&#8221;&#8221; link=&#8221;http:\/\/demo.qodeinteractive.com\/bridge66\/our-team\/&#8221;][vc_separator type=&#8221;transparent&#8221; up=&#8221;49&#8243; down=&#8221;0&#8243;][vc_column_text css=&#8221;&#8221;]<\/p>\n<h5 style=\"text-align: center;\">Corsi Infanzia e Primaria<\/h5>\n<p>[\/vc_column_text][vc_separator type=&#8221;normal&#8221; up=&#8221;5&#8243; down=&#8221;19&#8243;][vc_column_text css=&#8221;&#8221;]<\/p>\n<p style=\"text-align: center;\">Seguici per vedere l&#8217;elenco completo e aggiornato dei corsi dedicati all&#8217;infanzia e primaria.<\/p>\n<p>[\/vc_column_text][\/vc_column][vc_column width=&#8221;1\/3&#8243;][vc_single_image image=&#8221;15776&#8243; img_size=&#8221;full&#8221; alignment=&#8221;center&#8221; onclick=&#8221;custom_link&#8221; css=&#8221;&#8221; qode_css_animation=&#8221;&#8221; link=&#8221;http:\/\/demo.qodeinteractive.com\/bridge66\/gallery\/&#8221;][vc_separator type=&#8221;transparent&#8221; up=&#8221;49&#8243; down=&#8221;0&#8243;][vc_column_text css=&#8221;&#8221;]<\/p>\n<h5 style=\"text-align: center;\">Scuole Aperte<\/h5>\n<p>[\/vc_column_text][vc_separator type=&#8221;normal&#8221; up=&#8221;5&#8243; down=&#8221;19&#8243;][vc_column_text css=&#8221;&#8221;]<\/p>\n<p data-adtags-visited=\"true\">Definiamo le progettualit\u00e0 in sinergia con scuola, Dirigente scolastica e Consiglio d\u2019Istituto.<\/p>\n<p>[\/vc_column_text][\/vc_column][vc_column width=&#8221;1\/3&#8243;][vc_single_image image=&#8221;15781&#8243; img_size=&#8221;full&#8221; alignment=&#8221;center&#8221; onclick=&#8221;custom_link&#8221; css=&#8221;&#8221; qode_css_animation=&#8221;&#8221; link=&#8221;http:\/\/demo.qodeinteractive.com\/bridge66\/our-team\/&#8221;][vc_separator type=&#8221;transparent&#8221; up=&#8221;49&#8243; down=&#8221;0&#8243;][vc_column_text css=&#8221;&#8221;]<\/p>\n<h5 style=\"text-align: center;\">Corsi Secondaria e Adulti<\/h5>\n<p>[\/vc_column_text][vc_separator type=&#8221;normal&#8221; up=&#8221;5&#8243; down=&#8221;19&#8243;][vc_column_text css=&#8221;&#8221;]<\/p>\n<p style=\"text-align: center;\">Seguici per vedere l&#8217;elenco completo e aggiornato dei corsi dedicati alla secondaria e agli adulti.<\/p>\n<p>[\/vc_column_text][\/vc_column][\/vc_row][vc_row css_animation=&#8221;&#8221; row_type=&#8221;row&#8221; use_row_as_full_screen_section=&#8221;no&#8221; type=&#8221;full_width&#8221; angled_section=&#8221;no&#8221; text_align=&#8221;left&#8221; background_image_as_pattern=&#8221;without_pattern&#8221;][vc_column][vc_empty_space][\/vc_column][\/vc_row][vc_row css_animation=&#8221;&#8221; row_type=&#8221;row&#8221; use_row_as_full_screen_section=&#8221;no&#8221; type=&#8221;full_width&#8221; angled_section=&#8221;no&#8221; text_align=&#8221;left&#8221; background_image_as_pattern=&#8221;without_pattern&#8221;][vc_column]<div class='projects_holder_outer v3 portfolio_no_space portfolio_standard'>\n        <div class='projects_holder portfolio_main_holder clearfix v3  standard_no_space portfolio_full_image '>\n        \n        <article class='mix default' style=''>\n    \n    \n    \n    \n            <div class=\"item_holder slow_zoom\">\n\n                <div class=\"text_holder\">\n    <div class=\"text_holder_outer\">\n        <div class=\"text_holder_inner\">\n            \n        <\/div>\n    <\/div>\n<\/div>\n    <div class=\"icons_holder\">\n        \n        \n                <a itemprop=\"url\" class=\"preview\" title=\"Go to Project \" href=\"https:\/\/scuolaregina.it\/index.php\/portfolio_page\/art-week-2014-malmo\/\" data-type=\"portfolio_list\" target=\"_self\" ><\/a>\n        <\/div>\n\n                                    <a itemprop=\"url\" class=\"portfolio_link_class\" title=\"Eventi\" href=\"https:\/\/scuolaregina.it\/index.php\/portfolio_page\/art-week-2014-malmo\/\"><\/a>\n                \n                <div style=\"\" class=\"portfolio_shader\"><\/div>\n                <div class=\"image_holder\">\n                    \n<span class='image'><img loading=\"lazy\" decoding=\"async\" width=\"2016\" height=\"1512\" src=\"https:\/\/scuolaregina.it\/wp-content\/uploads\/2025\/04\/435413732_7764393723594869_5213170626566147989_n.jpg\" class=\"attachment-full size-full wp-post-image\" alt=\"\" srcset=\"https:\/\/scuolaregina.it\/wp-content\/uploads\/2025\/04\/435413732_7764393723594869_5213170626566147989_n.jpg 2016w, https:\/\/scuolaregina.it\/wp-content\/uploads\/2025\/04\/435413732_7764393723594869_5213170626566147989_n-300x225.jpg 300w, https:\/\/scuolaregina.it\/wp-content\/uploads\/2025\/04\/435413732_7764393723594869_5213170626566147989_n-1024x768.jpg 1024w, https:\/\/scuolaregina.it\/wp-content\/uploads\/2025\/04\/435413732_7764393723594869_5213170626566147989_n-768x576.jpg 768w, https:\/\/scuolaregina.it\/wp-content\/uploads\/2025\/04\/435413732_7764393723594869_5213170626566147989_n-1536x1152.jpg 1536w, https:\/\/scuolaregina.it\/wp-content\/uploads\/2025\/04\/435413732_7764393723594869_5213170626566147989_n-800x600.jpg 800w, https:\/\/scuolaregina.it\/wp-content\/uploads\/2025\/04\/435413732_7764393723594869_5213170626566147989_n-700x525.jpg 700w\" sizes=\"auto, (max-width: 2016px) 100vw, 2016px\" \/><\/span>                <\/div>\n            <\/div>\n\n                <div class='portfolio_description ' style=background-color:#00000000;'>\n\n        \n        \n            <span class=\"project_category\"  >\n        <\/span>\n\n    <\/div>\n\n        \n<\/article>\n<article class='mix default' style=''>\n    \n    \n    \n    \n            <div class=\"item_holder slow_zoom\">\n\n                <div class=\"text_holder\">\n    <div class=\"text_holder_outer\">\n        <div class=\"text_holder_inner\">\n            \n        <\/div>\n    <\/div>\n<\/div>\n    <div class=\"icons_holder\">\n        \n        \n                <a itemprop=\"url\" class=\"preview\" title=\"Go to Project \" href=\"https:\/\/scuolaregina.it\/index.php\/portfolio_page\/vintage-vinyl-house\/\" data-type=\"portfolio_list\" target=\"_self\" ><\/a>\n        <\/div>\n\n                                    <a itemprop=\"url\" class=\"portfolio_link_class\" title=\"Feste\" href=\"https:\/\/scuolaregina.it\/index.php\/portfolio_page\/vintage-vinyl-house\/\"><\/a>\n                \n                <div style=\"\" class=\"portfolio_shader\"><\/div>\n                <div class=\"image_holder\">\n                    \n<span class='image'><img loading=\"lazy\" decoding=\"async\" width=\"2048\" height=\"1542\" src=\"https:\/\/scuolaregina.it\/wp-content\/uploads\/2025\/04\/479740886_9748718291829059_1623921661603400260_n.jpg\" class=\"attachment-full size-full wp-post-image\" alt=\"\" srcset=\"https:\/\/scuolaregina.it\/wp-content\/uploads\/2025\/04\/479740886_9748718291829059_1623921661603400260_n.jpg 2048w, https:\/\/scuolaregina.it\/wp-content\/uploads\/2025\/04\/479740886_9748718291829059_1623921661603400260_n-300x226.jpg 300w, https:\/\/scuolaregina.it\/wp-content\/uploads\/2025\/04\/479740886_9748718291829059_1623921661603400260_n-1024x771.jpg 1024w, https:\/\/scuolaregina.it\/wp-content\/uploads\/2025\/04\/479740886_9748718291829059_1623921661603400260_n-768x578.jpg 768w, https:\/\/scuolaregina.it\/wp-content\/uploads\/2025\/04\/479740886_9748718291829059_1623921661603400260_n-1536x1157.jpg 1536w, https:\/\/scuolaregina.it\/wp-content\/uploads\/2025\/04\/479740886_9748718291829059_1623921661603400260_n-700x527.jpg 700w\" sizes=\"auto, (max-width: 2048px) 100vw, 2048px\" \/><\/span>                <\/div>\n            <\/div>\n\n                <div class='portfolio_description ' style=background-color:#00000000;'>\n\n        \n        \n            <span class=\"project_category\"  >\n        <\/span>\n\n    <\/div>\n\n        \n<\/article>\n<article class='mix large_width' style=''>\n    \n    \n    \n    \n            <div class=\"item_holder slow_zoom\">\n\n                <div class=\"text_holder\">\n    <div class=\"text_holder_outer\">\n        <div class=\"text_holder_inner\">\n            \n        <\/div>\n    <\/div>\n<\/div>\n    <div class=\"icons_holder\">\n        \n        \n                <a itemprop=\"url\" class=\"preview\" title=\"Go to Project \" href=\"https:\/\/scuolaregina.it\/index.php\/portfolio_page\/fast-vector-mobile\/\" data-type=\"portfolio_list\" target=\"_self\" ><\/a>\n        <\/div>\n\n                                    <a itemprop=\"url\" class=\"portfolio_link_class\" title=\"Corsi\" href=\"https:\/\/scuolaregina.it\/index.php\/portfolio_page\/fast-vector-mobile\/\"><\/a>\n                \n                <div style=\"\" class=\"portfolio_shader\"><\/div>\n                <div class=\"image_holder\">\n                    \n<span class='image'><img loading=\"lazy\" decoding=\"async\" width=\"2048\" height=\"1542\" src=\"https:\/\/scuolaregina.it\/wp-content\/uploads\/2025\/04\/433090957_7648809975153245_4677237201360014792_n.jpg\" class=\"attachment-full size-full wp-post-image\" alt=\"\" srcset=\"https:\/\/scuolaregina.it\/wp-content\/uploads\/2025\/04\/433090957_7648809975153245_4677237201360014792_n.jpg 2048w, https:\/\/scuolaregina.it\/wp-content\/uploads\/2025\/04\/433090957_7648809975153245_4677237201360014792_n-300x226.jpg 300w, https:\/\/scuolaregina.it\/wp-content\/uploads\/2025\/04\/433090957_7648809975153245_4677237201360014792_n-1024x771.jpg 1024w, https:\/\/scuolaregina.it\/wp-content\/uploads\/2025\/04\/433090957_7648809975153245_4677237201360014792_n-768x578.jpg 768w, https:\/\/scuolaregina.it\/wp-content\/uploads\/2025\/04\/433090957_7648809975153245_4677237201360014792_n-1536x1157.jpg 1536w, https:\/\/scuolaregina.it\/wp-content\/uploads\/2025\/04\/433090957_7648809975153245_4677237201360014792_n-700x527.jpg 700w\" sizes=\"auto, (max-width: 2048px) 100vw, 2048px\" \/><\/span>                <\/div>\n            <\/div>\n\n                <div class='portfolio_description ' style=background-color:#00000000;'>\n\n        \n        \n            <span class=\"project_category\"  >\n        <\/span>\n\n    <\/div>\n\n        \n<\/article>\n        <div class='filler'><\/div>\n            <div class='filler'><\/div>\n            <div class='filler'><\/div>\n        <\/div>\n\n    \n    <\/div>[\/vc_column][\/vc_row][vc_row css_animation=&#8221;&#8221; row_type=&#8221;row&#8221; use_row_as_full_screen_section=&#8221;no&#8221; type=&#8221;grid&#8221; angled_section=&#8221;no&#8221; text_align=&#8221;left&#8221; background_image_as_pattern=&#8221;without_pattern&#8221; padding_top=&#8221;86&#8243; padding_bottom=&#8221;50&#8243;][vc_column][vc_column_text css=&#8221;&#8221;]<\/p>\n<h3 style=\"text-align: center;\">I membri<\/h3>\n<p>[\/vc_column_text][vc_separator type=&#8221;transparent&#8221; up=&#8221;29&#8243; down=&#8221;0&#8243;][vc_row_inner row_type=&#8221;row&#8221; type=&#8221;full_width&#8221; text_align=&#8221;left&#8221; css_animation=&#8221;&#8221;][vc_column_inner width=&#8221;1\/4&#8243;][\/vc_column_inner][vc_column_inner width=&#8221;1\/4&#8243;][vc_single_image image=&#8221;15570&#8243; img_size=&#8221;full&#8221; alignment=&#8221;center&#8221; css=&#8221;&#8221; qode_css_animation=&#8221;&#8221;][vc_separator type=&#8221;transparent&#8221; up=&#8221;20&#8243; down=&#8221;0&#8243;][vc_column_text css=&#8221;&#8221;]<\/p>\n<p style=\"text-align: center;\"><strong>Gianluca de Matteis Tortora<\/strong><\/p>\n<p>[\/vc_column_text][vc_separator type=&#8221;normal&#8221; up=&#8221;5&#8243; down=&#8221;19&#8243;][vc_column_text css=&#8221;&#8221;]<\/p>\n<p style=\"text-align: center;\"><em>Presidente<\/em><\/p>\n<p>[\/vc_column_text][vc_separator type=&#8221;transparent&#8221; up=&#8221;10&#8243; down=&#8221;0&#8243;][\/vc_column_inner][vc_column_inner width=&#8221;1\/4&#8243;][vc_single_image image=&#8221;15569&#8243; img_size=&#8221;full&#8221; alignment=&#8221;center&#8221; css=&#8221;&#8221; qode_css_animation=&#8221;&#8221;][vc_separator type=&#8221;transparent&#8221; up=&#8221;20&#8243; down=&#8221;0&#8243;][vc_column_text css=&#8221;&#8221;]<\/p>\n<p style=\"text-align: center;\"><strong>Lilia Biscaglia<\/strong><\/p>\n<p>[\/vc_column_text][vc_separator type=&#8221;normal&#8221; up=&#8221;5&#8243; down=&#8221;19&#8243;][vc_column_text css=&#8221;&#8221;]<\/p>\n<p style=\"text-align: center;\"><em>Segretario e Tesoriere<\/em><\/p>\n<p>[\/vc_column_text][vc_separator type=&#8221;transparent&#8221; up=&#8221;10&#8243; down=&#8221;0&#8243;][\/vc_column_inner][vc_column_inner width=&#8221;1\/4&#8243;][\/vc_column_inner][\/vc_row_inner][vc_row_inner row_type=&#8221;row&#8221; type=&#8221;full_width&#8221; text_align=&#8221;left&#8221; css_animation=&#8221;&#8221;][vc_column_inner width=&#8221;1\/4&#8243;][vc_single_image image=&#8221;15570&#8243; img_size=&#8221;full&#8221; alignment=&#8221;center&#8221; css=&#8221;&#8221; qode_css_animation=&#8221;&#8221;][vc_separator type=&#8221;transparent&#8221; up=&#8221;20&#8243; down=&#8221;0&#8243;][vc_column_text css=&#8221;&#8221;]<\/p>\n<p style=\"text-align: center;\">Laura Dabbene<\/p>\n<p>[\/vc_column_text][vc_separator type=&#8221;normal&#8221; up=&#8221;5&#8243; down=&#8221;19&#8243;][\/vc_column_inner][vc_column_inner width=&#8221;1\/4&#8243;][vc_single_image image=&#8221;15677&#8243; img_size=&#8221;full&#8221; alignment=&#8221;center&#8221; css=&#8221;&#8221; qode_css_animation=&#8221;&#8221;][vc_separator type=&#8221;transparent&#8221; up=&#8221;20&#8243; down=&#8221;0&#8243;][vc_column_text css=&#8221;&#8221;]<\/p>\n<p style=\"text-align: center;\">Malvina Diletti<\/p>\n<p>[\/vc_column_text][vc_separator type=&#8221;normal&#8221; up=&#8221;5&#8243; down=&#8221;19&#8243;][\/vc_column_inner][vc_column_inner width=&#8221;1\/4&#8243;][vc_single_image image=&#8221;15679&#8243; img_size=&#8221;full&#8221; alignment=&#8221;center&#8221; css=&#8221;&#8221; qode_css_animation=&#8221;&#8221;][vc_separator type=&#8221;transparent&#8221; up=&#8221;20&#8243; down=&#8221;0&#8243;][vc_column_text css=&#8221;&#8221;]<\/p>\n<p style=\"text-align: center;\">Ombretta Palumbo<\/p>\n<p>[\/vc_column_text][vc_separator type=&#8221;normal&#8221; up=&#8221;5&#8243; down=&#8221;19&#8243;][\/vc_column_inner][vc_column_inner width=&#8221;1\/4&#8243;][vc_single_image image=&#8221;15576&#8243; img_size=&#8221;full&#8221; alignment=&#8221;center&#8221; css=&#8221;&#8221; qode_css_animation=&#8221;&#8221;][vc_separator type=&#8221;transparent&#8221; up=&#8221;20&#8243; down=&#8221;0&#8243;][vc_column_text css=&#8221;&#8221;]<\/p>\n<p style=\"text-align: center;\">Pina Silvestro<\/p>\n<p>[\/vc_column_text][vc_separator type=&#8221;normal&#8221; up=&#8221;5&#8243; down=&#8221;19&#8243;][\/vc_column_inner][\/vc_row_inner][vc_row_inner row_type=&#8221;row&#8221; type=&#8221;full_width&#8221; text_align=&#8221;left&#8221; css_animation=&#8221;&#8221;][vc_column_inner width=&#8221;1\/4&#8243;][\/vc_column_inner][vc_column_inner width=&#8221;1\/4&#8243;][vc_single_image image=&#8221;15681&#8243; img_size=&#8221;full&#8221; alignment=&#8221;center&#8221; css=&#8221;&#8221; qode_css_animation=&#8221;&#8221;][vc_separator type=&#8221;transparent&#8221; up=&#8221;20&#8243; down=&#8221;0&#8243;][vc_column_text css=&#8221;&#8221;]<\/p>\n<p style=\"text-align: center;\">Eleonora Tempesta<\/p>\n<p>[\/vc_column_text][vc_separator type=&#8221;normal&#8221; up=&#8221;5&#8243; down=&#8221;19&#8243;][\/vc_column_inner][vc_column_inner width=&#8221;1\/4&#8243;][vc_single_image image=&#8221;15612&#8243; img_size=&#8221;full&#8221; alignment=&#8221;center&#8221; css=&#8221;&#8221; qode_css_animation=&#8221;&#8221;][vc_separator type=&#8221;transparent&#8221; up=&#8221;20&#8243; down=&#8221;0&#8243;][vc_column_text css=&#8221;&#8221;]<\/p>\n<p style=\"text-align: center;\">Carlo Noccioli<\/p>\n<p>[\/vc_column_text][vc_separator type=&#8221;normal&#8221; up=&#8221;5&#8243; down=&#8221;19&#8243;][\/vc_column_inner][vc_column_inner width=&#8221;1\/4&#8243;][\/vc_column_inner][\/vc_row_inner][\/vc_column][\/vc_row][vc_row css_animation=&#8221;&#8221; row_type=&#8221;row&#8221; use_row_as_full_screen_section=&#8221;no&#8221; type=&#8221;full_width&#8221; angled_section=&#8221;no&#8221; text_align=&#8221;left&#8221; background_image_as_pattern=&#8221;without_pattern&#8221;][vc_column width=&#8221;1\/2&#8243;][vc_empty_space][vc_empty_space][vc_column_text css=&#8221;&#8221;][\/vc_column_text][vc_column_text css=&#8221;&#8221;]<\/p>\n<h3 style=\"text-align: right;\">Da soli \u00e8 diffcile,<br \/>\ninsieme si pu\u00f2!<\/h3>\n<p>[\/vc_column_text][\/vc_column][vc_column width=&#8221;1\/2&#8243;][vc_single_image image=&#8221;15546&#8243; img_size=&#8221;&#8221; css=&#8221;&#8221; qode_css_animation=&#8221;&#8221;][\/vc_column][\/vc_row][vc_row css_animation=&#8221;&#8221; row_type=&#8221;row&#8221; use_row_as_full_screen_section=&#8221;no&#8221; type=&#8221;full_width&#8221; angled_section=&#8221;no&#8221; text_align=&#8221;left&#8221; background_image_as_pattern=&#8221;without_pattern&#8221;][vc_column][vc_separator type=&#8221;normal&#8221;][\/vc_column][\/vc_row]<\/p>\n<\/div>","protected":false},"excerpt":{"rendered":"<p>[vc_row css_animation=&#8221;&#8221; row_type=&#8221;row&#8221; use_row_as_full_screen_section=&#8221;no&#8221; type=&#8221;grid&#8221; angled_section=&#8221;no&#8221; text_align=&#8221;left&#8221; background_image_as_pattern=&#8221;without_pattern&#8221; padding_top=&#8221;124&#8243; padding_bottom=&#8221;37&#8243;][vc_column][vc_column_text css=&#8221;&#8221;] L\u2019Associazione Genitori Scuola Regina, nata nel 2016, aperta alla partecipazione di tutti i genitori del nostro Istituto, comprendente i plessi Regina Margherita, Ugo Foscolo e G. G. Badini. [\/vc_column_text][vc_empty_space][vc_single_image image=&#8221;15830&#8243; img_size=&#8221;medium&#8221; alignment=&#8221;center&#8221; css=&#8221;&#8221; qode_css_animation=&#8221;element_from_fade&#8221;][vc_empty_space][vc_empty_space][vc_column_text&#8230;<\/p>\n","protected":false},"author":1,"featured_media":0,"parent":0,"menu_order":0,"comment_status":"open","ping_status":"open","template":"full_width.php","meta":{"footnotes":""},"class_list":["post-14869","page","type-page","status-publish","hentry"],"_links":{"self":[{"href":"https:\/\/scuolaregina.it\/index.php\/wp-json\/wp\/v2\/pages\/14869","targetHints":{"allow":["GET"]}}],"collection":[{"href":"https:\/\/scuolaregina.it\/index.php\/wp-json\/wp\/v2\/pages"}],"about":[{"href":"https:\/\/scuolaregina.it\/index.php\/wp-json\/wp\/v2\/types\/page"}],"author":[{"embeddable":true,"href":"https:\/\/scuolaregina.it\/index.php\/wp-json\/wp\/v2\/users\/1"}],"replies":[{"embeddable":true,"href":"https:\/\/scuolaregina.it\/index.php\/wp-json\/wp\/v2\/comments?post=14869"}],"version-history":[{"count":120,"href":"https:\/\/scuolaregina.it\/index.php\/wp-json\/wp\/v2\/pages\/14869\/revisions"}],"predecessor-version":[{"id":15936,"href":"https:\/\/scuolaregina.it\/index.php\/wp-json\/wp\/v2\/pages\/14869\/revisions\/15936"}],"wp:attachment":[{"href":"https:\/\/scuolaregina.it\/index.php\/wp-json\/wp\/v2\/media?parent=14869"}],"curies":[{"name":"wp","href":"https:\/\/api.w.org\/{rel}","templated":true}]}}